{"id":171,"date":"2022-01-31T20:01:05","date_gmt":"2022-01-31T20:01:05","guid":{"rendered":"https:\/\/agavezwolf.com\/?page_id=171"},"modified":"2024-08-14T18:16:04","modified_gmt":"2024-08-14T18:16:04","slug":"proyecto","status":"publish","type":"page","link":"https:\/\/agavezwolf.com\/index.php\/proyecto\/","title":{"rendered":"Info Esp"},"content":{"rendered":"<p>[et_pb_section fb_built=\u00bb1&#8243; fullwidth=\u00bbon\u00bb admin_label=\u00bbHero Section\u00bb _builder_version=\u00bb4.16&#8243; background_color=\u00bb#101535&#8243; background_image=\u00bbhttps:\/\/agavezwolf.com\/wp-content\/uploads\/2022\/03\/crypto-bg-02.png\u00bb parallax=\u00bbon\u00bb custom_margin=\u00bb|||\u00bb custom_padding=\u00bb|||\u00bb locked=\u00bboff\u00bb global_colors_info=\u00bb{}\u00bb][et_pb_fullwidth_header title=\u00bb\u00bfQu\u00e9 es?\u00bb text_orientation=\u00bbcenter\u00bb button_one_text=\u00bbEnglish\u00bb button_one_url=\u00bb@ET-DC@eyJkeW5hbWljIjp0cnVlLCJjb250ZW50IjoicG9zdF9saW5rX3VybF9wYWdlIiwic2V0dGluZ3MiOnsicG9zdF9pZCI6IjIzMyJ9fQ==@\u00bb _builder_version=\u00bb4.16&#8243; _dynamic_attributes=\u00bbbutton_one_url\u00bb title_font=\u00bbAlegreya Sans SC|700|||||||\u00bb title_font_size=\u00bb100px\u00bb title_line_height=\u00bb1.5em\u00bb content_font=\u00bbAlegreya Sans SC|500|||||||\u00bb content_font_size=\u00bb18px\u00bb content_line_height=\u00bb2em\u00bb subhead_font=\u00bbAlegreya Sans SC||||||||\u00bb subhead_font_size=\u00bb26px\u00bb background_color=\u00bbrgba(0,0,0,0)\u00bb use_background_color_gradient=\u00bbon\u00bb background_color_gradient_stops=\u00bbrgba(16,21,53,0) 0%|#038a8b 100%\u00bb background_color_gradient_start=\u00bbrgba(16,21,53,0)\u00bb background_color_gradient_end=\u00bb#038a8b\u00bb background_position=\u00bbbottom_center\u00bb custom_button_one=\u00bbon\u00bb button_one_text_size=\u00bb13px\u00bb button_one_text_color=\u00bb#FFFFFF\u00bb button_one_bg_color=\u00bb#000000&#8243; button_one_border_width=\u00bb10px\u00bb button_one_border_color=\u00bb#000000&#8243; button_one_border_radius=\u00bb0px\u00bb button_one_letter_spacing=\u00bb2px\u00bb button_one_font=\u00bbTitillium Web|700||on|||||\u00bb custom_button_two=\u00bbon\u00bb button_two_text_size=\u00bb13px\u00bb button_two_text_color=\u00bb#4328b7&#8243; button_two_bg_color=\u00bb#ffffff\u00bb button_two_border_width=\u00bb10px\u00bb button_two_border_color=\u00bb#ffffff\u00bb button_two_border_radius=\u00bb0px\u00bb button_two_letter_spacing=\u00bb2px\u00bb button_two_font=\u00bbTitillium Web|700||on|||||\u00bb custom_margin=\u00bb|||\u00bb custom_padding=\u00bb9vw||9vw||true|\u00bb animation_direction=\u00bbbottom\u00bb title_font_size_tablet=\u00bb40px\u00bb title_font_size_phone=\u00bb\u00bb title_font_size_last_edited=\u00bbon|phone\u00bb content_font_size_tablet=\u00bb\u00bb content_font_size_phone=\u00bb15px\u00bb content_font_size_last_edited=\u00bbon|phone\u00bb button_one_letter_spacing_hover=\u00bb2px\u00bb button_two_letter_spacing_hover=\u00bb2px\u00bb global_colors_info=\u00bb{}\u00bb button_one_text_size__hover_enabled=\u00bboff\u00bb button_two_text_size__hover_enabled=\u00bboff\u00bb button_one_text_color__hover_enabled=\u00bboff\u00bb button_two_text_color__hover_enabled=\u00bboff\u00bb button_one_border_width__hover_enabled=\u00bboff\u00bb button_two_border_width__hover_enabled=\u00bboff\u00bb button_one_border_color__hover_enabled=\u00bboff\u00bb button_two_border_color__hover_enabled=\u00bboff\u00bb button_one_border_radius__hover_enabled=\u00bboff\u00bb button_two_border_radius__hover_enabled=\u00bboff\u00bb button_one_letter_spacing__hover_enabled=\u00bbon\u00bb button_one_letter_spacing__hover=\u00bb2px\u00bb button_two_letter_spacing__hover_enabled=\u00bbon\u00bb button_two_letter_spacing__hover=\u00bb2px\u00bb button_one_bg_color__hover_enabled=\u00bboff\u00bb button_two_bg_color__hover_enabled=\u00bboff\u00bb][\/et_pb_fullwidth_header][\/et_pb_section][et_pb_section fb_built=\u00bb1&#8243; admin_label=\u00bbFAQ Section\u00bb _builder_version=\u00bb4.16&#8243; background_enable_color=\u00bboff\u00bb background_enable_image=\u00bboff\u00bb min_height=\u00bb1264.7px\u00bb custom_margin=\u00bb-8px|||||\u00bb custom_padding=\u00bb50px||12px|||\u00bb border_color_all=\u00bb#dee3e8&#8243; border_width_top=\u00bb1px\u00bb global_colors_info=\u00bb{}\u00bb][et_pb_row column_structure=\u00bb1_3,1_3,1_3&#8243; use_custom_gutter=\u00bbon\u00bb gutter_width=\u00bb2&#8243; admin_label=\u00bbRow\u00bb _builder_version=\u00bb4.16&#8243; custom_margin=\u00bb|auto|-49px|auto||\u00bb custom_padding=\u00bb58px||21px|||\u00bb animation_style=\u00bbfade\u00bb animation_duration=\u00bb1200ms\u00bb locked=\u00bboff\u00bb global_colors_info=\u00bb{}\u00bb][et_pb_column type=\u00bb1_3&#8243; _builder_version=\u00bb4.16&#8243; custom_padding=\u00bb|||\u00bb global_colors_info=\u00bb{}\u00bb custom_padding__hover=\u00bb|||\u00bb][et_pb_text _builder_version=\u00bb4.27.0&#8243; text_font=\u00bbAlegreya Sans SC||||||||\u00bb text_text_color=\u00bb#FFFFFF\u00bb text_font_size=\u00bb17px\u00bb text_line_height=\u00bb2em\u00bb header_font=\u00bbAlegreya Sans SC||||||||\u00bb header_text_color=\u00bb#FFFFFF\u00bb header_3_font=\u00bbAlegreya Sans SC|700|||||||\u00bb header_3_text_color=\u00bb#FFFFFF\u00bb header_3_font_size=\u00bb24px\u00bb header_3_line_height=\u00bb1.6em\u00bb background_color=\u00bb#058888&#8243; text_orientation=\u00bbjustified\u00bb custom_margin=\u00bb|||\u00bb custom_padding=\u00bb30px|30px|30px|30px|true|true\u00bb animation_style=\u00bbfold\u00bb animation_direction=\u00bbtop\u00bb global_colors_info=\u00bb{}\u00bb]<\/p>\n<h3>Denominaci\u00f3n de origen<\/h3>\n<p>Para obtener la denominaci\u00f3n exclusiva de origen Agave Azul Tequilana Weber (misma que otorga el Consejo Regulador de Tequila), el agave debe plantarse y cosecharse \u00fanicamente en el Estado de Jalisco, as\u00ed como en algunos municipios de Guanajuato, Michoac\u00e1n y Nayarit; dentro del pa\u00eds de M\u00e9xico por lo que el proyecto no puede ser f\u00e1cilmente replicado desde otras partes del mundo.<\/p>\n<p>[\/et_pb_text][\/et_pb_column][et_pb_column type=\u00bb1_3&#8243; _builder_version=\u00bb4.16&#8243; custom_padding=\u00bb|||\u00bb global_colors_info=\u00bb{}\u00bb custom_padding__hover=\u00bb|||\u00bb][et_pb_image src=\u00bbhttps:\/\/agavezwolf.com\/wp-content\/uploads\/2022\/01\/pexels-ekaterina-belinskaya-4921885.jpg\u00bb title_text=\u00bbpexels-ekaterina-belinskaya-4921885&#8243; _builder_version=\u00bb4.16&#8243; _module_preset=\u00bbdefault\u00bb min_height=\u00bb513.4px\u00bb global_colors_info=\u00bb{}\u00bb][\/et_pb_image][\/et_pb_column][et_pb_column type=\u00bb1_3&#8243; _builder_version=\u00bb4.16&#8243; custom_padding=\u00bb|||\u00bb global_colors_info=\u00bb{}\u00bb custom_padding__hover=\u00bb|||\u00bb][et_pb_text _builder_version=\u00bb4.16&#8243; text_font=\u00bbAlegreya Sans SC||||||||\u00bb text_text_color=\u00bb#FFFFFF\u00bb text_font_size=\u00bb17px\u00bb text_line_height=\u00bb2em\u00bb header_font=\u00bbAlegreya Sans SC||||||||\u00bb header_text_color=\u00bb#FFFFFF\u00bb header_3_font=\u00bbAlegreya Sans SC|700|||||||\u00bb header_3_text_color=\u00bb#FFFFFF\u00bb header_3_font_size=\u00bb24px\u00bb header_3_line_height=\u00bb1.6em\u00bb background_color=\u00bb#058888&#8243; text_orientation=\u00bbjustified\u00bb custom_margin=\u00bb|||\u00bb custom_padding=\u00bb20px|30px|20px|30px|true|true\u00bb animation_style=\u00bbfold\u00bb animation_direction=\u00bbtop\u00bb global_colors_info=\u00bb{}\u00bb]<\/p>\n<h3>planta de agave<\/h3>\n<h3><span style=\"font-size: 17px; font-weight: 500;\">Una planta de agave est\u00e1 lista para reproducirse entre los 3 a 5 a\u00f1os, produciendo uno o dos hijuelos por a\u00f1o, estos pueden ser removidos y trasplantados como futuras plantas productoras.<\/span><\/h3>\n<p>El peso promedio al jimar cabezas de agave (proceso de cortar el agave) va de 30 a 70 kilos aunque en algunos cultivos han llegado a pesar entre 80 y 120 kg.<\/p>\n<p>[\/et_pb_text][\/et_pb_column][\/et_pb_row][et_pb_row _builder_version=\u00bb4.27.0&#8243; _module_preset=\u00bbdefault\u00bb min_height=\u00bb90px\u00bb][et_pb_column _builder_version=\u00bb4.27.0&#8243; _module_preset=\u00bbdefault\u00bb type=\u00bb4_4&#8243;][\/et_pb_column][\/et_pb_row][et_pb_row _builder_version=\u00bb4.16&#8243; _module_preset=\u00bbdefault\u00bb custom_padding=\u00bb||33px|0px||\u00bb global_colors_info=\u00bb{}\u00bb][et_pb_column type=\u00bb4_4&#8243; _builder_version=\u00bb4.16&#8243; _module_preset=\u00bbdefault\u00bb global_colors_info=\u00bb{}\u00bb][et_pb_text _builder_version=\u00bb4.16&#8243; _module_preset=\u00bbdefault\u00bb text_font=\u00bbAlegreya Sans SC|700|||||||\u00bb text_text_color=\u00bb#058888&#8243; text_font_size=\u00bb47px\u00bb background_color=\u00bbRGBA(255,255,255,0)\u00bb custom_padding=\u00bb22px||21px|32px||\u00bb text_line_height_tablet=\u00bb\u00bb text_line_height_phone=\u00bb1.8em\u00bb text_line_height_last_edited=\u00bbon|phone\u00bb global_colors_info=\u00bb{}\u00bb min_height=\u00bb59.8px\u00bb]<\/p>\n<p>PRUEBA PILOTO<\/p>\n<p>[\/et_pb_text][\/et_pb_column][\/et_pb_row][et_pb_row column_structure=\u00bb1_2,1_2&#8243; _builder_version=\u00bb4.16&#8243; animation_style=\u00bbzoom\u00bb animation_duration=\u00bb1150ms\u00bb global_colors_info=\u00bb{}\u00bb][et_pb_column type=\u00bb1_2&#8243; _builder_version=\u00bb4.16&#8243; custom_padding=\u00bb|||\u00bb global_colors_info=\u00bb{}\u00bb custom_padding__hover=\u00bb|||\u00bb][et_pb_toggle title=\u00bb\u00bfC\u00f3mo comienza?\u00bb open=\u00bbon\u00bb open_toggle_text_color=\u00bb#FFFFFF\u00bb closed_toggle_text_color=\u00bb#FFFFFF\u00bb icon_color=\u00bb#FFFFFF\u00bb use_icon_font_size=\u00bbon\u00bb icon_font_size=\u00bb24px\u00bb open_icon_color=\u00bb#FFFFFF\u00bb open_use_icon_font_size=\u00bbon\u00bb open_icon_font_size=\u00bb24px\u00bb _builder_version=\u00bb4.16&#8243; title_text_color=\u00bb#FFFFFF\u00bb title_level=\u00bbh2&#8243; title_font=\u00bbAlegreya Sans SC|600|||||||\u00bb title_font_size=\u00bb23px\u00bb title_line_height=\u00bb1.6em\u00bb closed_title_font=\u00bbAlegreya Sans SC||||||||\u00bb closed_title_font_size=\u00bb23px\u00bb body_font=\u00bbAlegreya Sans SC||||||||\u00bb body_text_color=\u00bb#FFFFFF\u00bb body_font_size=\u00bb18px\u00bb body_line_height=\u00bb2em\u00bb background_color=\u00bb#058888&#8243; border_width_all=\u00bb0px\u00bb locked=\u00bboff\u00bb global_colors_info=\u00bb{}\u00bb]<\/p>\n<p>La prueba piloto se lanz\u00f3 con 15,000 hijuelos de agave plantados en 3 hect\u00e1reas en Julio del 2022.<\/p>\n<p>[\/et_pb_toggle][\/et_pb_column][et_pb_column type=\u00bb1_2&#8243; _builder_version=\u00bb4.16&#8243; custom_padding=\u00bb|||\u00bb global_colors_info=\u00bb{}\u00bb custom_padding__hover=\u00bb|||\u00bb][et_pb_toggle title=\u00bbDATOS\u00bb open=\u00bbon\u00bb open_toggle_text_color=\u00bb#FFFFFF\u00bb closed_toggle_text_color=\u00bb#FFFFFF\u00bb icon_color=\u00bb#FFFFFF\u00bb use_icon_font_size=\u00bbon\u00bb icon_font_size=\u00bb24px\u00bb open_icon_color=\u00bb#FFFFFF\u00bb open_use_icon_font_size=\u00bbon\u00bb open_icon_font_size=\u00bb24px\u00bb _builder_version=\u00bb4.16&#8243; title_text_color=\u00bb#FFFFFF\u00bb title_level=\u00bbh2&#8243; title_font=\u00bbAlegreya Sans SC|600|||||||\u00bb title_font_size=\u00bb23px\u00bb title_line_height=\u00bb1.6em\u00bb closed_title_font=\u00bbAlegreya Sans SC||||||||\u00bb closed_title_font_size=\u00bb23px\u00bb body_font=\u00bbAlegreya Sans SC||||||||\u00bb body_text_color=\u00bb#FFFFFF\u00bb body_font_size=\u00bb18px\u00bb body_line_height=\u00bb2em\u00bb background_color=\u00bb#058888&#8243; border_width_all=\u00bb0px\u00bb locked=\u00bboff\u00bb global_colors_info=\u00bb{}\u00bb]<\/p>\n<p>La fecha en la que se sembr\u00f3 cada agave, as\u00ed como la edad promedio de todos los agaves ser\u00e1 publicado en nuestro sitio web.<\/p>\n<p>[\/et_pb_toggle][\/et_pb_column][\/et_pb_row][et_pb_row _builder_version=\u00bb4.16&#8243; _module_preset=\u00bbdefault\u00bb width=\u00bb100%\u00bb max_width=\u00bb1510px\u00bb locked=\u00bboff\u00bb global_colors_info=\u00bb{}\u00bb][et_pb_column type=\u00bb4_4&#8243; _builder_version=\u00bb4.16&#8243; _module_preset=\u00bbdefault\u00bb global_colors_info=\u00bb{}\u00bb][et_pb_slider _builder_version=\u00bb4.16&#8243; _module_preset=\u00bbdefault\u00bb header_font=\u00bbAlegreya Sans||||||||\u00bb body_font=\u00bbAlegreya Sans SC||||||||\u00bb body_font_size=\u00bb24px\u00bb body_letter_spacing=\u00bb5px\u00bb background_color=\u00bb#058888&#8243; background_image=\u00bbhttps:\/\/agavezwolf.com\/wp-content\/uploads\/2022\/01\/pexels-miguel-a-padrinan-579472-1-scaled.jpg\u00bb parallax=\u00bbon\u00bb global_colors_info=\u00bb{}\u00bb][et_pb_slide heading=\u00bbDr. Promode Kant, cient\u00edfico clim\u00e1tico de la India.\u00bb _builder_version=\u00bb4.16&#8243; _module_preset=\u00bbdefault\u00bb body_font_size=\u00bb24px\u00bb global_colors_info=\u00bb{}\u00bb sticky_transition=\u00bbon\u00bb]<\/p>\n<p><span data-contrast=\"none\" xml:lang=\"ES-MX\" lang=\"ES-MX\" class=\"TextRun Highlight SCXW85110404 BCX0\"><span class=\"NormalTextRun SCXW85110404 BCX0\">El agave es para las partes m\u00e1s secas del mundo lo que el bamb\u00fa es para las zonas m\u00e1s h\u00famedas. La captura de CO2 atmosf\u00e9rico de la vegetaci\u00f3n est\u00e1 severamente limitada por la disponibilidad de tierra y agua. La mejor opci\u00f3n ser\u00edan las especies que pueden utilizar tierras no aptas para la producci\u00f3n de alimentos y, sin embargo, acelerar la din\u00e1mica del secuestro de carbono<\/span><\/span><\/p>\n<p>[\/et_pb_slide][et_pb_slide heading=\u00bbAgave Tequilana Weber\u00bb _builder_version=\u00bb4.16&#8243; _module_preset=\u00bbdefault\u00bb background_image=\u00bbhttps:\/\/agavezwolf.com\/wp-content\/uploads\/2022\/01\/pexels-ekaterina-belinskaya-4921885.jpg\u00bb background_enable_image=\u00bbon\u00bb global_colors_info=\u00bb{}\u00bb sticky_transition=\u00bbon\u00bb]<\/p>\n<p><span data-contrast=\"none\" xml:lang=\"ES-MX\" lang=\"ES-MX\" class=\"TextRun Highlight SCXW256818671 BCX0\"><span class=\"NormalTextRun SCXW256818671 BCX0\">Ideal para climas \u00e1ridos y c\u00e1lidos, los agaves y sus \u00e1rboles compa\u00f1eros, una vez establecidos, requieren poca o ninguna irrigaci\u00f3n para sobrevivir y prosperar. Los agaves solos pueden extraer y almacenar en la superficie del suelo el equivalente en peso seco de 30-60 toneladas de CO2 por hect\u00e1rea<\/span><span class=\"NormalTextRun SCXW256818671 BCX0\">.<\/span><\/span><span class=\"EOP SCXW256818671 BCX0\" data-ccp-props=\"{&quot;201341983&quot;:0,&quot;335559739&quot;:160,&quot;335559740&quot;:259}\">\u00a0<\/span><\/p>\n<p>[\/et_pb_slide][et_pb_slide heading=\u00bbTiempo Requerido\u00bb _builder_version=\u00bb4.16&#8243; _module_preset=\u00bbdefault\u00bb background_image=\u00bbhttps:\/\/agavezwolf.com\/wp-content\/uploads\/2022\/01\/pexels-madison-inouye-1382394-1.jpg\u00bb background_enable_image=\u00bbon\u00bb body_text_shadow_style=\u00bbpreset2&#8243; body_text_shadow_blur_strength=\u00bb0em\u00bb global_colors_info=\u00bb{}\u00bb sticky_transition=\u00bbon\u00bb]<\/p>\n<p><span data-contrast=\"none\" xml:lang=\"ES-MX\" lang=\"ES-MX\" class=\"TextRun Highlight SCXW47783343 BCX0\"><span class=\"NormalTextRun SCXW47783343 BCX0\">Para el s\u00e9ptimo a\u00f1o, el mezquite y los agaves han crecido y han creado un bosque bastante denso. En los a\u00f1os octavo a d\u00e9cimo, el tallo de la ra\u00edz o pi\u00f1a del agave (que pesa entre 45 y 90 kilos) est\u00e1 listo para la cosecha y producir un licor destilado llamado mezcal. Mientras tanto, los hijuelos o cr\u00edas de las plantas de agave madre se trasplantan continuamente al sistema agroforestal, lo que garantiza el crecimiento continuo de la biomasa (y el almacenamiento de carbono).<\/span><\/span><span class=\"EOP SCXW47783343 BCX0\" data-ccp-props=\"{&quot;201341983&quot;:0,&quot;335559739&quot;:160,&quot;335559740&quot;:259}\">\u00a0<\/span><\/p>\n<p>[\/et_pb_slide][et_pb_slide heading=\u00bbT\u00e9cnicas Revolucionarias\u00bb _builder_version=\u00bb4.16&#8243; _module_preset=\u00bbdefault\u00bb background_image=\u00bbhttps:\/\/agavezwolf.com\/wp-content\/uploads\/2022\/01\/pexels-los-muertos-crew-10039981-scaled.jpg\u00bb background_enable_image=\u00bbon\u00bb global_colors_info=\u00bb{}\u00bb sticky_transition=\u00bbon\u00bb]<\/p>\n<p><span data-contrast=\"none\" xml:lang=\"ES-MX\" lang=\"ES-MX\" class=\"TextRun Highlight SCXW197301803 BCX0\"><span class=\"NormalTextRun SCXW197301803 BCX0\">La innovaci\u00f3n revolucionaria de <\/span><span class=\"NormalTextRun SCXW197301803 BCX0\">unos<\/span><span class=\"NormalTextRun SCXW197301803 BCX0\"> agricultores <\/span><span class=\"NormalTextRun SCXW197301803 BCX0\">de <\/span><span class=\"NormalTextRun SCXW197301803 BCX0\">Guanajuato<\/span><span class=\"NormalTextRun SCXW197301803 BCX0\"> <\/span><span class=\"NormalTextRun SCXW197301803 BCX0\">ha sido convertir las hojas de agave, una fuente de biomasa hasta ahora indigesta pero enorme y accesible, en un valioso alimento para animales, utilizando el proceso natural de fermentaci\u00f3n para transformar los compuestos indigeribles de saponina y lectina de las plantas en carbohidratos y fibra digeribles.<\/span><\/span><span class=\"EOP SCXW197301803 BCX0\" data-ccp-props=\"{&quot;201341983&quot;:0,&quot;335559739&quot;:160,&quot;335559740&quot;:259}\">\u00a0<\/span><\/p>\n<p>[\/et_pb_slide][et_pb_slide heading=\u00bbPerspectiva Clim\u00e1tica\u00bb _builder_version=\u00bb4.16&#8243; _module_preset=\u00bbdefault\u00bb background_image=\u00bbhttps:\/\/agavezwolf.com\/wp-content\/uploads\/2022\/01\/pexels-los-muertos-crew-10039952-1-scaled.jpg\u00bb background_enable_image=\u00bbon\u00bb global_colors_info=\u00bb{}\u00bb sticky_transition=\u00bbon\u00bb]<\/p>\n<p><span data-contrast=\"none\" xml:lang=\"ES-MX\" lang=\"ES-MX\" class=\"TextRun SCXW126708438 BCX0\"><span class=\"NormalTextRun SCXW126708438 BCX0\" data-ccp-parastyle=\"Normal (Web)\">Desde la perspectiva de la crisis clim\u00e1tica, este sistema agroforestal <\/span><span class=\"NormalTextRun SCXW126708438 BCX0\" data-ccp-parastyle=\"Normal (Web)\">\u201cModelo Zamarripa\u201d <\/span><span class=\"NormalTextRun SCXW126708438 BCX0\" data-ccp-parastyle=\"Normal (Web)\">puede ser transcendental y tener un enorme impacto para mitigar y eventualmente revertir el calentamiento global, especialmente si es implementado a gran escala en las tierras \u00e1ridas y semi\u00e1ridas del planeta. Las cuarenta y tres toneladas de biomasa de peso seco sobre el suelo que este sistema produce de forma continua por hect\u00e1rea por a\u00f1o <\/span><span class=\"NormalTextRun ContextualSpellingAndGrammarErrorV2Themed SCXW126708438 BCX0\" data-ccp-parastyle=\"Normal (Web)\">representa<\/span><span class=\"NormalTextRun SCXW126708438 BCX0\" data-ccp-parastyle=\"Normal (Web)\"> una de las tasas m\u00e1s altas de extracci\u00f3n y almacenamiento de carbono atmosf\u00e9rico en el mundo, adem\u00e1s de los bosques sanos.<\/span><\/span><span class=\"EOP SCXW126708438 BCX0\" data-ccp-props=\"{&quot;134233117&quot;:false,&quot;134233118&quot;:false,&quot;201341983&quot;:0,&quot;335559738&quot;:204,&quot;335559739&quot;:204,&quot;335559740&quot;:240}\">\u00a0<\/span><\/p>\n<p>[\/et_pb_slide][et_pb_slide heading=\u00bbTasa de Almacenamiento de Carbono\u00bb _builder_version=\u00bb4.16&#8243; _module_preset=\u00bbdefault\u00bb background_image=\u00bbhttps:\/\/agavezwolf.com\/wp-content\/uploads\/2022\/01\/pexels-los-muertos-crew-10039971-scaled.jpg\u00bb background_enable_image=\u00bbon\u00bb global_colors_info=\u00bb{}\u00bb sticky_transition=\u00bbon\u00bb]<\/p>\n<p><span data-contrast=\"none\" xml:lang=\"ES-MX\" lang=\"ES-MX\" class=\"TextRun SCXW55602024 BCX0\"><span class=\"NormalTextRun SCXW55602024 BCX0\" data-ccp-parastyle=\"Normal (Web)\">Siendo conservadores y estimando una tasa de almacenamiento de carbono de biomasa en la superficie del suelo de 10 toneladas de carbono por acre por a\u00f1o en estos 500 millones de acres, (contando tanto el agave como los \u00e1rboles complementarios, la biomasa superficial y subterr\u00e1nea), podr\u00edamos secuestrar acumulativamente cinco mil millones de toneladas de carbono (18 mil millones de gigatoneladas de CO2) de la atm\u00f3sfera cada a\u00f1o.<\/span><\/span><span class=\"EOP SCXW55602024 BCX0\" data-ccp-props=\"{&quot;134233117&quot;:false,&quot;134233118&quot;:false,&quot;201341983&quot;:0,&quot;335559738&quot;:204,&quot;335559739&quot;:204,&quot;335559740&quot;:240}\">\u00a0<\/span><\/p>\n<p>[\/et_pb_slide][et_pb_slide heading=\u00bbVariedades\u00bb button_text=\u00bbM\u00e1s Informaci\u00f3n\u00bb button_link=\u00bbhttps:\/\/regenerationinternational.org\/2020\/02\/28\/el-poder-del-agave-como-un-revolucionario-sistema-agroforestal-y-de-pastoreo-en-mexico-puede-ayudar-a-revertir-el-calentamiento-global\/\u00bb url_new_window=\u00bbon\u00bb _builder_version=\u00bb4.16&#8243; _module_preset=\u00bbdefault\u00bb background_image=\u00bbhttps:\/\/agavezwolf.com\/wp-content\/uploads\/2022\/01\/pexels-los-muertos-crew-10039987-scaled.jpg\u00bb background_enable_image=\u00bbon\u00bb global_colors_info=\u00bb{}\u00bb sticky_transition=\u00bbon\u00bb]<\/p>\n<p><span data-contrast=\"none\" xml:lang=\"ES-MX\" lang=\"ES-MX\" class=\"TextRun Highlight SCXW138105236 BCX0\"><span class=\"NormalTextRun SCXW138105236 BCX0\">S<\/span><span class=\"NormalTextRun SCXW138105236 BCX0\">u sistema de propagaci\u00f3n de hijuelos o reto\u00f1os que crecen de sus ra\u00edces horizontales hace que el agave sea una planta perenne auto reproductora, capaz de mantener un alto crecimiento de biomasa, y almacenamiento y secuestro de carbono a largo plazo.<\/span><span class=\"NormalTextRun SCXW138105236 BCX0\"> <\/span><span class=\"NormalTextRun SCXW138105236 BCX0\">S<\/span><span class=\"NormalTextRun SCXW138105236 BCX0\">e puede mantener un nivel muy alto de almacenamiento de carbono sobre la superficie del suelo y secuestro subterr\u00e1neo (10-17 toneladas de carbono por acre) a\u00f1o tras a\u00f1o.<\/span><\/span><span class=\"EOP SCXW138105236 BCX0\" data-ccp-props=\"{&quot;201341983&quot;:0,&quot;335559739&quot;:160,&quot;335559740&quot;:259}\">\u00a0<\/span><\/p>\n<p>[\/et_pb_slide][\/et_pb_slider][\/et_pb_column][\/et_pb_row][\/et_pb_section][et_pb_section fb_built=\u00bb1&#8243; _builder_version=\u00bb4.16&#8243; _module_preset=\u00bbdefault\u00bb custom_padding=\u00bb21px||45px|||\u00bb global_colors_info=\u00bb{}\u00bb][et_pb_row column_structure=\u00bb1_2,1_4,1_4&#8243; _builder_version=\u00bb4.16&#8243; _module_preset=\u00bbdefault\u00bb global_colors_info=\u00bb{}\u00bb][et_pb_column type=\u00bb1_2&#8243; _builder_version=\u00bb4.16&#8243; _module_preset=\u00bbdefault\u00bb global_colors_info=\u00bb{}\u00bb][et_pb_text _builder_version=\u00bb4.16&#8243; _module_preset=\u00bbdefault\u00bb text_font=\u00bbAlegreya Sans SC||||||||\u00bb text_text_color=\u00bb#000000&#8243; text_font_size=\u00bb24px\u00bb text_line_height=\u00bb1.8em\u00bb header_font_size=\u00bb26px\u00bb animation_style=\u00bbfade\u00bb animation_duration=\u00bb1100ms\u00bb global_colors_info=\u00bb{}\u00bb]<\/p>\n<p>Los avances del proyecto y plantaciones se publicar\u00e1n en nuestras redes sociales.<\/p>\n<p>[\/et_pb_text][\/et_pb_column][et_pb_column type=\u00bb1_4&#8243; _builder_version=\u00bb4.16&#8243; _module_preset=\u00bbdefault\u00bb global_colors_info=\u00bb{}\u00bb][et_pb_social_media_follow _builder_version=\u00bb4.20.4&#8243; _module_preset=\u00bbdefault\u00bb text_orientation=\u00bbcenter\u00bb global_colors_info=\u00bb{}\u00bb][et_pb_social_media_follow_network social_network=\u00bbfacebook\u00bb url=\u00bbhttps:\/\/www.facebook.com\/grupozwolf\u00bb use_icon_font_size=\u00bbon\u00bb icon_font_size=\u00bb24px\u00bb _builder_version=\u00bb4.16&#8243; _module_preset=\u00bbdefault\u00bb background_color=\u00bb#3b5998&#8243; global_colors_info=\u00bb{}\u00bb follow_button=\u00bboff\u00bb url_new_window=\u00bbon\u00bb]facebook[\/et_pb_social_media_follow_network][et_pb_social_media_follow_network social_network=\u00bbinstagram\u00bb url=\u00bbhttps:\/\/www.instagram.com\/grupozwolf\u00bb use_icon_font_size=\u00bbon\u00bb icon_font_size=\u00bb24px\u00bb _builder_version=\u00bb4.16&#8243; _module_preset=\u00bbdefault\u00bb background_color=\u00bb#ea2c59&#8243; global_colors_info=\u00bb{}\u00bb follow_button=\u00bboff\u00bb url_new_window=\u00bbon\u00bb]instagram[\/et_pb_social_media_follow_network][et_pb_social_media_follow_network social_network=\u00bbtwitter\u00bb url=\u00bbhttps:\/\/twitter.com\/agave_zwolf\u00bb use_icon_font_size=\u00bbon\u00bb icon_font_size=\u00bb24px\u00bb _builder_version=\u00bb4.22.2&#8243; _module_preset=\u00bbdefault\u00bb background_color=\u00bb#000000&#8243; global_colors_info=\u00bb{}\u00bb follow_button=\u00bboff\u00bb url_new_window=\u00bbon\u00bb]twitter[\/et_pb_social_media_follow_network][et_pb_social_media_follow_network social_network=\u00bbyoutube\u00bb url=\u00bbhttps:\/\/youtube.com\/playlist?list=PLfSZyIf4Pv3dkOBl7BDRH4VaOOWx6i5i9&#038;feature=shared\u00bb use_icon_font_size=\u00bbon\u00bb icon_font_size=\u00bb24px\u00bb _builder_version=\u00bb4.20.4&#8243; _module_preset=\u00bbdefault\u00bb background_color=\u00bb#a82400&#8243; global_colors_info=\u00bb{}\u00bb follow_button=\u00bboff\u00bb url_new_window=\u00bbon\u00bb]youtube[\/et_pb_social_media_follow_network][\/et_pb_social_media_follow][\/et_pb_column][et_pb_column type=\u00bb1_4&#8243; _builder_version=\u00bb4.16&#8243; _module_preset=\u00bbdefault\u00bb global_colors_info=\u00bb{}\u00bb][et_pb_button button_url=\u00bbhttps:\/\/t.me\/+rT8ohHQgTCliYjEx\u00bb url_new_window=\u00bbon\u00bb button_text=\u00bbTelegram\u00bb button_alignment=\u00bbleft\u00bb button_alignment_tablet=\u00bbleft\u00bb button_alignment_phone=\u00bbcenter\u00bb button_alignment_last_edited=\u00bbon|phone\u00bb _builder_version=\u00bb4.16&#8243; _module_preset=\u00bbdefault\u00bb global_colors_info=\u00bb{}\u00bb][\/et_pb_button][\/et_pb_column][\/et_pb_row][\/et_pb_section]<\/p>\n","protected":false},"excerpt":{"rendered":"<p>Denominaci\u00f3n de origen Para obtener la denominaci\u00f3n exclusiva de origen Agave Azul Tequilana Weber (misma que otorga el Consejo Regulador de Tequila), el agave debe plantarse y cosecharse \u00fanicamente en el Estado de Jalisco, as\u00ed como en algunos municipios de Guanajuato, Michoac\u00e1n y Nayarit; dentro del pa\u00eds de M\u00e9xico por lo que el proyecto no [&hellip;]<\/p>\n","protected":false},"author":1,"featured_media":0,"parent":0,"menu_order":0,"comment_status":"closed","ping_status":"closed","template":"","meta":{"_et_pb_use_builder":"on","_et_pb_old_content":"<!-- wp:divi\/placeholder \/-->","_et_gb_content_width":"","_joinchat":[],"footnotes":""},"class_list":["post-171","page","type-page","status-publish","hentry"],"_links":{"self":[{"href":"https:\/\/agavezwolf.com\/index.php\/wp-json\/wp\/v2\/pages\/171","targetHints":{"allow":["GET"]}}],"collection":[{"href":"https:\/\/agavezwolf.com\/index.php\/wp-json\/wp\/v2\/pages"}],"about":[{"href":"https:\/\/agavezwolf.com\/index.php\/wp-json\/wp\/v2\/types\/page"}],"author":[{"embeddable":true,"href":"https:\/\/agavezwolf.com\/index.php\/wp-json\/wp\/v2\/users\/1"}],"replies":[{"embeddable":true,"href":"https:\/\/agavezwolf.com\/index.php\/wp-json\/wp\/v2\/comments?post=171"}],"version-history":[{"count":45,"href":"https:\/\/agavezwolf.com\/index.php\/wp-json\/wp\/v2\/pages\/171\/revisions"}],"predecessor-version":[{"id":820,"href":"https:\/\/agavezwolf.com\/index.php\/wp-json\/wp\/v2\/pages\/171\/revisions\/820"}],"wp:attachment":[{"href":"https:\/\/agavezwolf.com\/index.php\/wp-json\/wp\/v2\/media?parent=171"}],"curies":[{"name":"wp","href":"https:\/\/api.w.org\/{rel}","templated":true}]}}